{"id":84,"date":"2016-06-04T14:51:35","date_gmt":"2016-06-04T12:51:35","guid":{"rendered":"http:\/\/www.seniorenbund-kufstein.at\/?page_id=84"},"modified":"2016-06-05T16:49:39","modified_gmt":"2016-06-05T14:49:39","slug":"ueber-uns","status":"publish","type":"page","link":"https:\/\/www.seniorenbund-kufstein.at\/?page_id=84","title":{"rendered":"\u00dcber uns"},"content":{"rendered":"<p>Der Tiroler Seniorenbund<\/p>\n<p>Die \u00e4lteren Menschen werden in Zukunft immer einen gr\u00f6\u00dferen Teil der Bev\u00f6lkerung ausmachen. Der Seniorenbund setzt sich daf\u00fcr ein , dass wir Senioren die Anerkennung \u00a0in der Gesellschaft bekommen, die wir verdienen.Wir f\u00f6rdern den Zusammenhalt zwischen den Generationen; so hat die Ortsgruppe Kufstein ein Partnerschafts\u00fcbereinkommen mit der Fachhochschule Kufstein vereinbart, um die \u00a0Beziehungen zwischen &#8222;Alt und Jung&#8220; zu pflegen, sowie die Mitbestimmung der \u00c4lteren in allen Belangen zu gew\u00e4hrleisten.<\/p>\n<p>\u00c4lter werden bedeutet auch, alles das tun zu k\u00f6nnen, was einem Freude bereitet: Neue Freundschaften zu schlie\u00dfen, gemeinsam Zeit miteinander zu verbringen, aktiv sein, Ausfl\u00fcge und Reisen machen, Feste feiern. Unser Motto soll lauten: &#8222;Gemeinsam und nicht einsam&#8220;!<\/p>\n<p>Die Mitgliedschaft beim Seniorenbund bietet viele M\u00f6glichkeiten:<\/p>\n<p>&#8211; Vortr\u00e4ge, Film- und Theatervorf\u00fchrungen, sowie ein vielf\u00e4ltiges \u00a0 Unterhaltungsprogramm<br \/>\n&#8211; Ausfl\u00fcge, Tagesfahrten, mehrt\u00e4gige Reisen im Inland und ins Ausland<br \/>\n&#8211; Landestreffen, Seniorenkongress<br \/>\n&#8211; Sportliche Unternehmungen, wie Wandern, Schneeschuhwandern, Kegeln<br \/>\n&#8211; Gesellige Nachmittage: Spielenachmittage, runde Geburtstage, goldene bzw. diamantene Hochzeiten<\/p>\n<p>&nbsp;<\/p>\n<p>&nbsp;<\/p>\n<p>&nbsp;<\/p>\n","protected":false},"excerpt":{"rendered":"<p>Der Tiroler Seniorenbund Die \u00e4lteren Menschen werden in Zukunft immer einen gr\u00f6\u00dferen Teil der Bev\u00f6lkerung ausmachen. Der Seniorenbund setzt sich daf\u00fcr ein , dass wir Senioren die Anerkennung \u00a0in der Gesellschaft bekommen, die wir verdienen.Wir f\u00f6rdern den Zusammenhalt zwischen den Generationen; so hat die Ortsgruppe Kufstein ein Partnerschafts\u00fcbereinkommen mit der Fachhochschule Kufstein vereinbart, um die &#8230; <span class=\"more\"><a class=\"more-link\" href=\"https:\/\/www.seniorenbund-kufstein.at\/?page_id=84\">[Read more&#8230;]<\/a><\/span><\/p>\n","protected":false},"author":1,"featured_media":0,"parent":0,"menu_order":0,"comment_status":"closed","ping_status":"closed","template":"","meta":{"footnotes":""},"class_list":["entry","page","publish","author-wordpressadmin","post-84"],"jetpack_sharing_enabled":true,"jetpack_shortlink":"https:\/\/wp.me\/P7uHKo-1m","amp_enabled":true,"_links":{"self":[{"href":"https:\/\/www.seniorenbund-kufstein.at\/index.php?rest_route=\/wp\/v2\/pages\/84","targetHints":{"allow":["GET"]}}],"collection":[{"href":"https:\/\/www.seniorenbund-kufstein.at\/index.php?rest_route=\/wp\/v2\/pages"}],"about":[{"href":"https:\/\/www.seniorenbund-kufstein.at\/index.php?rest_route=\/wp\/v2\/types\/page"}],"author":[{"embeddable":true,"href":"https:\/\/www.seniorenbund-kufstein.at\/index.php?rest_route=\/wp\/v2\/users\/1"}],"replies":[{"embeddable":true,"href":"https:\/\/www.seniorenbund-kufstein.at\/index.php?rest_route=%2Fwp%2Fv2%2Fcomments&post=84"}],"version-history":[{"count":10,"href":"https:\/\/www.seniorenbund-kufstein.at\/index.php?rest_route=\/wp\/v2\/pages\/84\/revisions"}],"predecessor-version":[{"id":171,"href":"https:\/\/www.seniorenbund-kufstein.at\/index.php?rest_route=\/wp\/v2\/pages\/84\/revisions\/171"}],"wp:attachment":[{"href":"https:\/\/www.seniorenbund-kufstein.at\/index.php?rest_route=%2Fwp%2Fv2%2Fmedia&parent=84"}],"curies":[{"name":"wp","href":"https:\/\/api.w.org\/{rel}","templated":true}]}}